g*n + 3*n = -5. Let o(i) be the first derivative of -i**2/2 + 95. Determine o(n).
5
Let z(b) = b**3 + 2*b**2 - 6*b + 6. Let q be z(-5). Let k = q + 20. Let g = k + 20. Let v(n) = 7*n - 1. Give v(g).
6
Let h = 32 + -109. Let c = h + 74. Let m(v) = -2 + 1 + v**3 - 5*v + 3*v + v**2. Calculate m(c).
-13
Let i(n) = n**3 - 29*n**2 + 30*n - 54. Let o be i(28). Let g(a) be the first derivative of -3*a**o - 1/3*a**3 - 3*a + 3. Give g(-5).
2
Let r(d) = 46*d - 8. Let u(p) = 65*p - 12. Let g(f) = -7*r(f) + 5*u(f). What is g(2)?
2
Let f(c) = 3*c**2 - c + 1. Let t be f(1). Suppose 4*y + y - 14 = -3*j, 2*y - 2 = 0. Let m(a) = 1 - 2*a**2 - 4*a + a**j + 0*a**2 + 1. Calculate m(t).
-1
Let k(x) = 3*x**2 - x + 1. Suppose -4*y + 16 = -g + 5*g, 0 = -2*y - 4*g + 16. Suppose y = f + 4*f - 5. What is k(f)?
3
Let s(w) = -w + 4. Let z be s(6). Let c(y) = 1 + 3667*y**2 + 3*y - 3663*y**2 + 2*y**3 + 0*y. Determine c(z).
-5
Let c(t) be the third derivative of t**5/60 - t**4/4 - 11*t**3/6 + 46*t**2. Let y = 7 + 1. Determine c(y).
5
Suppose 0 = -2*f - 10, 0 = -5*n + 5*f + 35. Let q(r) = 0 + 8*r - 10*r + n - 3. Give q(6).
-13
Let v(a) = -a**2 - 10*a. Let i(k) = 1 - 2*k**2 + 5*k**2 - 3*k - 2*k**2 + 12*k. Let w(x) = 4*i(x) + 3*v(x). Determine w(-5).
-1
Let x(l) = 2*l**3 + 2*l**2 - 3*l - 3. Let a be x(-2). Let h(b) = 25*b - 12*b - 47 + 44 - 12*b. Determine h(a).
-8
Let t(f) = 3*f**3 - 24*f**2 + 32*f - 38. Let j(u) = 2*u**3 - 16*u**2 + 21*u - 25. Let a = -14 + 22. Let y(r) = a*j(r) - 5*t(r). What is y(7)?
-3
Let g be -1 + 13/(3 + -2). Let l = 122 - 109. Let a = g - l. Let j(b) = b + 1. What is j(a)?
0
Let b be ((-496)/(-24))/((-2)/(-3)). Suppose b = -0*a - 4*a + r, 0 = -2*a - 4*r - 38. Let x = a + 2. Let o(n) = -n**2 - 6*n + 9. Determine o(x).
2
Let q(j) = -j**2 + j - 6. Let c be q(7). Let t be ((-27)/(-36))/((-2)/c). Let g be (-4)/t - (-16)/(-9). Let p(v) = -3*v + 1. Calculate p(g).
7
Let z(s) be the third derivative of -s**5/60 - s**4/8 + s**3/6 + 116*s**2. Calculate z(-7).
-27
Let i(q) = q**2 - 13*q + 1. Let a be i(13). Let b(d) = -d + 6 - d - a. Give b(4).
-3
Let a be (-6)/(-4 - -7)*1/(-8). Let x(y) be the first derivative of 5/3*y**3 + 6*y - 4 + 3*y**2 + a*y**4. Determine x(-4).
-2
Let b(m) = 6*m. Let p be ((-1)/2)/(2/(-8)). Determine b(p).
12
Let w(z) = -5*z + 2 - 1 + 2*z + 7*z + z**2. Let g be w(-2). Let p(x) = x + 7. What is p(g)?
4
Suppose -6 = 5*s - 36. Let m = 68 - 38. Let x(t) = m - 59 - t + 39. Give x(s).
4
Let a(w) be the third derivative of 3*w**5/20 - w**4/8 + w**3/3 - w**2 - 60*w. Give a(1).
8
Let b(s) = -3*s - 16. Let a(c) = -c - 8. Let n(q) = 5*a(q) - 2*b(q). Calculate n(6).
-2
Let x = -516 + 500. Let g(b) = b + 38. Give g(x).
22
Let t(a) = a + 1. Let h(m) = 2*m**2 + 13*m + 25. Let n(o) = o**2 + 7*o + 12. Let k(g) = 2*h(g) - 5*n(g). Let i be k(-7). Give t(i).
5
Let j be (-6)/(-4)*2 - (7 - 6). Suppose j - 8 = -k. Let b(w) = w**3 - 7*w**2 + 7*w - 2. Calculate b(k).
4
Let v = 5 + -7. Let o be v/(-4) - (-60)/8. Let u be -4*(0 - (-4)/o). Let w(j) = 7*j + 2. Give w(u).
-12
Let k(r) = 11*r**3 - 4*r**2 - 7*r + 3. Let m(j) = -13*j**3 + 5*j**2 + 9*j - 3. Let x(u) = 6*k(u) + 5*m(u). Calculate x(-3).
-24
Let y = 3 + -1. Let x(k) = 0*k**2 + 6 + 0*k**2 - k**y + 5*k. Let o be 15/(-2)*(-4)/6. Determine x(o).
6
Let p = 0 - -5. Let x(j) = -4 + 0 + j + 0 + p. Let a(k) = -6*k. Let t(s) = -a(s) - 8*x(s). Give t(-7).
6
Suppose -5*b + 8 = -7, -2*s + 10 = 2*b. Suppose 0 = x + 3*m - 44, -2*x - s*m + 44 = -7*m. Let i = -35 + x. Let k(n) = n**3 + 3*n**2 - 4*n - 4. Give k(i).
8
Let n(o) be the first derivative of -2*o - 1/3*o**3 + 7 + 1/2*o**2. Suppose -s + 0*s + 2 = 0. Determine n(s).
-4
Let z(v) = -2*v + 8. Let d(a) = a - 2. Suppose 13 = 3*q - 5. Let o be d(q). Let f be z(o). Let m(h) = -h - 1. What is m(f)?
-1
Suppose 13*w - 9*w - 52 = 0. Let y(d) = -d**3 + 7*d**2 - 5*d - 3. Let q be y(6). Let g(t) = -t - 14*t**2 + 9 + w*t**2 + 3 - t**q. Calculate g(0).
12
Let i = -30 + 38. Suppose i - 4 = -4*k. Let n(t) = -11*t**2 - 1. Determine n(k).
-12
Let q(y) be the second derivative of 2*y**3/3 - y**2/2 - 12*y. Let a be (-15)/(-3*1/(-2)). Let g = -13 - a. Determine q(g).
-13
Let u(s) be the third derivative of -s**5/120 + 2*s**3 + 13*s**2. Let y(o) be the first derivative of u(o). Calculate y(6).
-6
Let x(p) = 3*p - 1. Let q(h) = -h**2 - 6*h - 3. Suppose -2*t = -t + 5. Let f be q(t). Let a be 5 + (0 - 1) - f. Calculate x(a).
5
Suppose 93 = 7*m - 61. Let b(d) = -57*d**2 + 14*d**2 + m*d**2 + 22*d**2. Suppose 0*c - 3*c - 6 = 0. Calculate b(c).
4
Let x(w) = -9*w. Let r(n) = -53*n + 5. Let a(m) = -r(m) + 6*x(m). Let i be 1 + (-2 - -2 - -1). Suppose -3*f - i*q = 3*q + 25, f + 2*q + 10 = 0. What is a(f)?
-5
Let i(n) = -n**3 - n. Let j(s) = 3*s**3 + 14*s**2 + 17*s + 22. Let r(z) = 2*i(z) + j(z). What is r(-13)?
-4
Let t(h) = 2*h**2 + 1. Let y be (1 + -2)/(1/2). Determine t(y).
9
Let m(l) be the second derivative of 17*l**5/60 + l**4/24 + 19*l**2/2 - 25*l. Let h(j) be the first derivative of m(j). What is h(-1)?
16
Let n(h) = h**3 + h**2 - 2*h - 1. Let b = -86 - -88. Suppose -b*j - 25 = 3*j - 5*y, -3*y = 3*j - 3. Determine n(j).
-1
Let y be -2 - (1 + (-2)/2). Let x(i) = 5*i**2 + 5*i - 7. Let q(w) = -11*w**2 - 11*w + 15. Let k = -30 - -43. Let u(j) = k*x(j) + 6*q(j). Determine u(y).
-3
Suppose 0 = -4*l - 5*h - 8, -h = l + 5 - 4. Let w(g) = -8*g - 1. What is w(l)?
-25
Let v be (1*4)/(4/2). Suppose -8 = -9*x + 82. Let b(w) = x*w - v*w + 2*w**2 - w**2 + 5. Determine b(-5).
-10
Suppose 23 + 7 = -6*i. Let l be (i/15)/((-2)/6*1). Let q(z) = 5*z**2 - 2*z + 1. What is q(l)?
4
Let y(r) be the first derivative of r**4/4 - 10*r**3/3 + 4*r**2 + 4*r - 264. Calculate y(9).
-5
Let t be 81 - 2 - 2 - 5. Let z(j) = 22*j + 22*j - t*j + 27*j - 2. Suppose w + 12 = -2*w. What is z(w)?
2
Let l(h) = 6*h**2 - 1 + h**2 - 7*h - 6*h**2. Let r be l(8). Let t(b) = -10*b - b**2 + 0*b**2 + r*b + 4. Calculate t(-3).
4
Let y(g) = -g + 1. Let l(b) = 5*b - 25. Let q(m) = -5*l(m) - 20*y(m). Calculate q(20).
5
Let h(w) = -w**2 - 4*w - 5. Let l be (-171)/(-9) + (2 - 1). Suppose l = -4*d + 4. Let c be h(d). Let i(a) = a**3 + 6*a**2 + 4*a - 6. Give i(c).
-1
Let c = -91 - -97. Let v(j) = -4*j - 3*j + c*j + 2. Determine v(10).
-8
Suppose 25 - 1 = -2*f - 2*d, 0 = 5*f - d + 42. Let b be (-4)/18 + 43/f. Let a(z) be the first derivative of z**3/3 + 5*z**2/2 - 7*z + 1331. Determine a(b).
-7
Let f(a) be the first derivative of -a**7/840 + a**6/45 - a**5/120 + a**4/8 - 19*a**3/3 - 24. Let z(q) be the third derivative of f(q). What is z(8)?
-5
Suppose -1 + 4 = a. Let z(c) = 0 - a*c + 2 - 4. Suppose 3*h = q, 2*h + 3*h + 17 = -4*q. Calculate z(q).
7
Let t(u) be the first derivative of -u**4/4 - 5*u**3/3 - u**2/2 + 2*u + 2. Let h = -947 - -942. Calculate t(h).
7
Let y(h) = 3*h**2 - 2*h. Let b(q) = 4*q**2 + 12*q + 2. Let z(u) = -b(u) - 5*y(u). What is z(-2)?
-74
Let d(u) be the third derivative of u**6/120 - u**5/30 - u**4/12 + 167*u**2 + 2*u. Determine d(3).
3
Let z(g) = -g. Suppose 11*c - 16 + 38 = 0. Determine z(c).
2
Suppose 0 = -4*j - 4*m, -2*m + 3 - 33 = -4*j. Let r(g) be the second derivative of -2*g**2 + j*g + 0 - 1/6*g**3. Calculate r(5).
-9
Let i = 22 + -22. Suppose -o + 3*o + 6 = i. Let p(z) = -z**3 - 5*z**2 - 2*z + 3. Give p(o).
-9
Let u(a) be the second derivative of 5/6*a**3 + 4*a - 1/120*a**5 + 0*a**2 + 1/24*a**4 + 0. Let f(j) be the second derivative of u(j). What is f(0)?
1
Suppose -72 = -14*x + 6*x. Suppose -u = -3*d + x, 3*d + 6 = 5*u + 3. Let l(i) = -2 - 6*i + 0*i**2 + 2*i**2 - i**2. Determine l(d).
-10
Let o(y) = y**2 - 11*y - 1. Let k(x) = -6*x**2 + 56*x + 10. Let n(g) = -3*k(g) - 16*o(g). What is n(-7)?
28
Let g(i) = -i - 1. Suppose -19*r = -5*a - 14*r - 15, 15 = -2*a + 5*r. What is g(a)?
-1
Let i = -561 + 560. Let y(k) = 3*k + 2. Determine y(i).
-1
Let z(s) = s**2 + 3*s. Let c(d) = -d - 1. Let p(j) = 3*c(j) + z(j). Suppose 3 = g + g - 3*w, -4*g + 17 = 5*w. Suppose -a = 6 - g. What is p(a)?
6
Suppose 40 = 2*l + 12. Suppose 0 = 3*c + 25 + l. Let i = c - -8. Let v(y) = -y**2 - 6*y. What is v(i)?
5
Let w(b) = b + 2. Suppose 0*o = -o + 2. Suppose o*p - 4*p = -26. Suppose -4*l = 7 + p. What is w(l)?
-3
Let a(t) = 4*t**2 - 2*t - 1. Let k(f) = -f**2 - f + 1. Suppose -18 = -0*m - 6*m. Let w(u) = m*k(u) + a(u). Give w(4).
-2
Let d(p) = -4*p*